e -4*t + 2*q - 38 = 0, -2*t - 2*q - 18 = 16. Let i(k) = -2*k - 17. What are the prime factors of i(t)?
7
Suppose t + t = 144. Suppose -5*g + 190 = 5*f - 0*f, 2*f + g = t. Suppose -2*c - f = -5*c + 4*j, -c = -3*j - 13. List the prime factors of c.
2, 5
Let a be (5/((-15)/12))/(-2). What are the prime factors of 1/(a*(-1)/(-22))?
11
Suppose 3*d = d + 370. Suppose 5*j + d = 5*w, 2*w = w - 5*j + 7. List the prime factors of w.
2
Suppose v - 3*f = 2*v - 104, f + 351 = 4*v. What are the prime factors of v?
89
Let v be (4/(-3))/((-14)/21). Suppose 0 = 4*o + 3*d + 25, -5*o - 11 - 3 = -v*d. Let f = 6 + o. List the prime factors of f.
2
Let q be 1/1*(1 - 0). Let i = 1 + q. Suppose i = -l + 13. What are the prime factors of l?
11
Let h(z) = z**2 + z. Let g be h(1). Suppose -3*l + 4*b + 28 = 0, -8 = 5*l + g*b - 46. List the prime factors of l.
2
Let b(j) = j**3 - 2*j**2 - 4*j. Let g be b(3). Let m be ((-26)/g)/(4/6). Suppose 4*l - y - m - 35 = 0, -l - 4*y = -12. What are the prime factors of l?
2, 3
Let y(f) = -10*f + 28. List the prime factors of y(-14).
2, 3, 7
What are the prime factors of 41 - (3/(-1) - -3)?
41
Let h = 58 + 216. What are the prime factors of h?
2, 137
Let w(a) = a**2 + 12*a + 27. List the prime factors of w(-18).
3, 5
Let y(f) be the third derivative of f**6/120 + f**5/6 - 13*f**4/24 + 5*f**3/3 - 3*f**2. List the prime factors of y(-11).
2
Let l be 132/2*3/6. Suppose -4*f + 3*d = -l - 4, 2*f - 2*d = 20. List the prime factors of f.
7
Let c(b) be the third derivative of -11*b**4/24 - b**3/6 + 3*b**2. What are the prime factors of c(-1)?
2, 5
Suppose -3*j + 1 = 13, 0 = 2*u - 4*j - 58. List the prime factors of u.
3, 7
Suppose -2*h + 16 = s, 4*s = -3*h - 2*h + 46. Let o = 2 + -5. Let r = h + o. What are the prime factors of r?
3
Let x(c) = c**3 - 5*c**2 - 3*c + 6. What are the prime factors of x(6)?
2, 3
Let s be (-125 + 1)/(-4) + 1. Let k = s - 18. What are the prime factors of k?
2, 7
Suppose -4*x + 47 = o - 2*o, 41 = 3*x + 5*o. List the prime factors of x + (1 + 0)*1.
13
Let j be (10 + (-6)/2)*1. Let t = j - 5. Suppose u + 4*w - 2 = t, -5*w = -u + 13. What are the prime factors of u?
2
Suppose -5*g = 5*u - 790, -788 = -4*g - g - 4*u. List the prime factors of g.
2, 3, 13
Let g(z) = -z**3 - 7*z**2 - 7*z - 4. Suppose 3*y = -11 - 7. Let p be g(y). Suppose p*t = -3*t + 20. List the prime factors of t.
2
Let n = 15 + 11. What are the prime factors of n?
2, 13
Let u(n) = -13*n**2 - n. Let x be u(1). Let v be 12/x*(-7)/(-1). What are the prime factors of (-4)/v*15/5?
2
Suppose 0 = 5*c - 6*c + 107. What are the prime factors of c?
107
Suppose -5*i + 4*n + 340 = 0, 4*n + 153 = 2*i - n. Suppose 4*l + i = 8*l. List the prime factors of l.
2
Let y(x) = -x**2 - 1. Let z(k) = 6*k**2 + 4*k + 16. Let b(p) = 5*y(p) + z(p). What are the prime factors of b(-6)?
23
Let l(w) = -w**3 + 8*w**2 - 5*w. List the prime factors of l(6).
2, 3, 7
Let c(o) = o**2 + 2*o. Let r be c(-5). What are the prime factors of (33/r)/(4/20)?
11
Let a(r) = r**2 - 3*r**2 - r**3 + 4*r**2 - 4*r**2. Let t be a(-3). Suppose 0 = -3*b + 21 - t. List the prime factors of b.
2
Let x = 55 + -81. List the prime factors of (x + (-3 - 0))/(-1).
29
Let a be ((-4)/1)/2 - -5. Let q(f) = -2*f**a + 1 - 4*f + f**3 + 3*f**2 + 9*f. List the prime factors of q(4).
5
Let m be (-3 - (-30)/14)*-14. Let f = 18 - m. What are the prime factors of f?
2, 3
Let d(s) = s**3 + 4*s**2 + 2. Suppose 3*g + 5*b + 40 = 0, -3*b - 42 + 17 = 2*g. Let u be d(g). What are the prime factors of (u + -3)/(4/(-2))?
13
Let q = -13 - -20. Suppose -4*c + q*c + 5*l + 42 = 0, -2*c - 3*l = 27. List the prime factors of (12/c)/((-2)/3).
2
Suppose -5*p - 6 = -1. Let s(i) = -33*i**3 + 2*i**2 + i. What are the prime factors of s(p)?
2, 17
Let m = 9 + -5. Let d(p) = -p**2 + 7*p. Let t be d(m). Suppose -3*b = -36 + t. What are the prime factors of b?
2
Let k(h) = 9*h**2 - 4*h - 1. What are the prime factors of k(2)?
3
Suppose 0 = -3*w - 2*d - 8, -2*w = 2*d + 12 - 4. Suppose -2*y + 6*y = 16. Suppose w*z - 40 = -y*z. List the prime factors of z.
2, 5
Suppose 6 = -u - 5*r, -u + 2 = -2*r + 1. Let o = 19 + u. What are the prime factors of o?
2, 3
Let y be (-1 - -2)/(1 - 0). What are the prime factors of y/2 - (-40)/16?
3
Let b = -4 - 2. Let c = b + 9. List the prime factors of c.
3
Let k(v) = v**3 + 9*v**2 + 7*v - 7. Let f be k(-8). Let q = f - -3. List the prime factors of q.
2
Let h = 6 - 5. Suppose 0 = -3*z + 31 - h. What are the prime factors of z?
2, 5
Let q = 10 + -6. Suppose -h - q*h = 0. Suppose 5*z + h*z - 65 = 0. List the prime factors of z.
13
Suppose 3*y - 5 = i, 15 + 1 = 4*i. Suppose 56 = y*v + v. Let s = v + -6. What are the prime factors of s?
2
Let m be 32/2 - (2 - 1). Suppose 0 = -2*a, 0*a = -5*r + 2*a - m. Let v(t) = t**2 - 1. What are the prime factors of v(r)?
2
Let f = -14 + 23. Let r(q) = 2 - 1 - q + 2*q + f*q**2. List the prime factors of r(-1).
3
Let j(p) = p**3 + p + 26. What are the prime factors of j(0)?
2, 13
Let v(z) = -15*z - 21. Let r(k) = -3*k - 4. Let f be -2*(-1)/2 + 3. Let a(j) = f*v(j) - 21*r(j). What are the prime factors of a(4)?
2, 3
Suppose 0 = -5*g + 2*g + 4*d + 164, 3*g + 4*d = 196. What are the prime factors of g?
2, 3, 5
Suppose -4*z - 297 = -2*r - 15, -8 = -2*z. What are the prime factors of r?
149
Suppose -183 = -3*a - 2*i + 460, 0 = 2*a + 2*i - 432. List the prime factors of a.
211
Let u(f) = -f**3 - 8*f**2 - 10*f - 12. List the prime factors of u(-8).
2, 17
Suppose 0 = 3*p - 5*j - 134, -p + 0*p + 18 = 5*j. List the prime factors of p.
2, 19
Suppose -3*g = i - 20, 0*g - g - 145 = -4*i. List the prime factors of i.
5, 7
Let o be (10 + -1)/(9/6). Let m(c) = -c**3 + 4*c**2 + 6*c + 3. Let r be m(o). Let k = r + 51. What are the prime factors of k?
2, 3
Let y be (-2)/3 + (-510)/45. List the prime factors of (y - 0)*28/(-6).
2, 7
Suppose -6*z = 100 - 460. What are the prime factors of z?
2, 3, 5
Let w(s) = -s**3 - 13*s**2 + 32. List the prime factors of w(-13).
2
Let i = -55 - -113. List the prime factors of i.
2, 29
Suppose -504 = 5*x - 2379. List the prime factors of x.
3, 5
Let q = -1 - -1. Let d(t) = t**3 + t**2 + 7. What are the prime factors of d(q)?
7
Suppose 0 = -i + 18 + 29. What are the prime factors of i?
47
Suppose -2*m + 25 - 1 = 0. List the prime factors of m.
2, 3
Let j(y) = y**2 - 6*y + 7. Let o be 4 + 1 + 0/1. Let u be j(o). Suppose -3*r + u*a = -0*r - 11, 0 = -5*r - 3*a + 31. List the prime factors of r.
5
Let r be (-6)/8 + 123/(-12). Let h = 32 + r. What are the prime factors of h?
3, 7
Let m = -3 - -3. Let s be (-7 + 4 + 3)*1. Suppose m = -j - s*j + 3. What are the prime factors of j?
3
Suppose 0*z + 3*f = 4*z - 137, -4*f = -20. List the prime factors of z.
2, 19
Let d(k) = -k**2 + 19*k + 17. List the prime factors of d(15).
7, 11
Suppose -1 + 11 = 2*l. Suppose -220 = -l*x - 3*c, -c - 36 = -0*x - x. List the prime factors of x.
41
Suppose -x + 27 = 4*x - 4*j, 0 = x + j. Suppose -x*h - 81 = -6*o + o, 2*o - 33 = h. Suppose -o = -2*b + 8. List the prime factors of b.
13
Let y = 110 + -62. List the prime factors of y.
2, 3
Suppose 0 = -28*q + 29*q - 47. What are the prime factors of q?
47
Let b(r) = -11*r + 1. Let t be b(1). Let q(u) = -3*u - 13. What are the prime factors of q(t)?
17
Suppose -20 = -z - 3*z. Suppose z*d - 28 = -2*j, -3*j - 28 = -4*d - 6*j. Suppose -2*b + d = -6. List the prime factors of b.
5
Suppose -1 = -2*j - 11. What are the prime factors of (-2)/j - 152/(-20)?
2
Let d = 6 + -4. Let w(o) = 3*o**2 - 1. Let t be w(d). Suppose -4*l = -3*l - t. List the prime factors of l.
11
Suppose 37 = 4*t - 35. List the prime factors of t.
2, 3
Let s(a) = a**2 - a - 2. Let i be s(6). Suppose -i = -d - d. List the prime factors of d.
2, 7
Let n(o) = 3*o**2 - 3*o + 3. Let t be n(2). Let s = -4 + t. Suppose -2*d = -d - s*y + 16, -2*y = 2*d - 28. What are the prime factors of d?
3
Suppose 0*c = -2*c + 4. Suppose 0 = 2*w + c*w. Let d = w + 10. What are the prime factors of d?
2, 5
Let s = 451 - 244. What are the prime factors of s?
3, 23
Let q = -36 + 492. What are the prime factors of (-6)/4*q/(-18)?
2, 19
Suppose 5*f - 49 = 126. Suppose -r + f = 4*r. List the prime factors of r.
7
Let r = -139 - -222. List the prime factors of r.
83
Let w(l) = 2*l**3 - 3*l**2 - 10*l - 6. List the